vide 2135?
False
Is 379 a multiple of 13?
False
Is 23484 a multiple of 76?
True
Is 3320 a multiple of 10?
True
Is 8 a factor of 945?
False
Is 9 a factor of 207?
True
Does 22 divide 121?
False
Is 32 a factor of 103904?
True
Does 38 divide 1931?
False
Does 8 divide 688?
True
Is 5823 a multiple of 8?
False
Does 18 divide 66550?
False
Is 3827 a multiple of 43?
True
Is 167 a multiple of 6?
False
Is 3 a factor of 4989?
True
Is 19 a factor of 764?
False
Is 7 a factor of 224?
True
Is 13 a factor of 1535?
False
Is 779 a multiple of 41?
True
Does 71 divide 7739?
True
Is 4074 even?
True
Is 2580 a multiple of 10?
True
Does 35 divide 1505?
True
Is 106353 a multiple of 17?
False
Does 100 divide 600?
True
Is 21204 a multiple of 57?
True
Is 8084 a multiple of 9?
False
Is 44 a factor of 4092?
True
Is 84337 a multiple of 98?
False
Does 4 divide 636?
True
Does 56 divide 3080?
True
Does 34 divide 2381?
False
Is 17 a factor of 695?
False
Is 315 even?
False
Does 38 divide 2038?
False
Is 142 a factor of 17466?
True
Is 14820 a multiple of 65?
True
Does 2 divide 96?
True
Is 58 a factor of 774?
False
Is 1364 a multiple of 62?
True
Is 20 a factor of 11229?
False
Is 38 a factor of 228?
True
Is 3 a factor of 1290?
True
Is 14 a factor of 6359?
False
Does 22 divide 15482?
False
Is 128 a factor of 3755?
False
Does 24 divide 90456?
True
Is 6298 a multiple of 94?
True
Does 44 divide 639?
False
Is 13 a factor of 83694?
True
Is 28 a factor of 3444?
True
Is 6 a factor of 15771?
False
Does 76 divide 760?
True
Does 17 divide 4804?
False
Is 5 a factor of 19990?
True
Does 17 divide 6216?
False
Is 4928 a multiple of 77?
True
Is 6 a factor of 240?
True
Is 74548 a multiple of 124?
False
Is 22673 a multiple of 29?
False
Is 29854 a multiple of 67?
False
Is 4356 a multiple of 12?
True
Does 38 divide 43434?
True
Is 62 a multiple of 30?
False
Does 116 divide 13340?
True
Is 14570 a multiple of 8?
False
Does 33 divide 1145?
False
Does 89 divide 356?
True
Does 92 divide 368?
True
Is 92 a multiple of 3?
False
Is 17 a factor of 1020?
True
Does 40 divide 6240?
True
Is 14 a factor of 978?
False
Is 2005 a multiple of 7?
False
Does 14 divide 2254?
True
Does 51 divide 1122?
True
Is 3459 even?
False
Is 14322 a multiple of 7?
True
Does 41 divide 10927?
False
Does 3 divide 78?
True
Does 105 divide 28036?
False
Is 85 a factor of 6120?
True
Is 25 a factor of 2593?
False
Does 40 divide 760?
True
Is 3989 a multiple of 48?
False
Does 9 divide 302?
False
Is 3920 a multiple of 20?
True
Is 2 a factor of 45?
False
Is 6 a factor of 112?
False
Is 6858 a multiple of 54?
True
Is 2804 a multiple of 12?
False
Is 105 a factor of 4825?
False
Is 8 a factor of 3400?
True
Is 9 a factor of 57018?
False
Is 45486 a multiple of 21?
True
Does 65 divide 794?
False
Is 115 a factor of 18602?
False
Does 10 divide 9969?
False
Is 14 a factor of 3430?
True
Is 851 a multiple of 23?
True
Is 19 a factor of 2394?
True
Does 41 divide 437?
False
Is 43462 a multiple of 31?
True
Is 43 a factor of 13674?
True
Is 540 a multiple of 54?
True
Does 21 divide 1400?
False
Is 13991 a multiple of 101?
False
Is 13 a factor of 6807?
False
Is 2 a factor of 95?
False
Does 35 divide 592?
False
Is 263 a factor of 40091?
False
Is 12 a factor of 648?
True
Does 12 divide 35928?
True
Is 8 a factor of 120?
True
Is 79 a factor of 17429?
False
Does 33 divide 1166?
False
Does 9 divide 1764?
True
Is 7209 a multiple of 27?
True
Is 85 a factor of 22157?
False
Is 90 a multiple of 15?
True
Is 1444 a multiple of 17?
False
Is 28 a factor of 7619?
False
Is 7 a factor of 3673?
False
Is 1020 a multiple of 3?
True
Is 2016 a multiple of 24?
True
Does 38 divide 3724?
True
Is 37 a factor of 506?
False
Does 204 divide 29528?
False
Does 46 divide 305?
False
Is 26 a factor of 3952?
True
Is 8 a factor of 2471?
False
Is 29 a factor of 93?
False
Is 34662 a multiple of 24?
False
Does 25 divide 6500?
True
Is 5 a factor of 6351?
False
Is 9 a factor of 198?
True
Is 963 a multiple of 9?
True
Is 20 a factor of 260?
True
Does 10 divide 34570?
True
Is 14 a factor of 2696?
False
Is 28 a factor of 136528?
True
Is 80 a factor of 5587?
False
Is 2304 a multiple of 12?
True
Is 27 a factor of 798?
False
Is 1467 a multiple of 9?
True
Is 59354 a multiple of 28?
False
Does 43 divide 26445?
True
Is 1520 a multiple of 6?
False
Does 5 divide 1294?
False
Is 36981 a multiple of 3?
True
Is 496 a multiple of 9?
False
Is 333 a multiple of 19?
False
Is 3273 a multiple of 11?
False
Is 4985 a multiple of 17?
False
Is 8723 a multiple of 61?
True
Does 199 divide 8926?
False
Is 34 a factor of 1945?
False
Is 36 a multiple of 12?
True
Is 33 a factor of 2492?
False
Does 3 divide 15417?
True
Does 13 divide 13?
True
Does 42 divide 798?
True
Is 11 a factor of 154?
True
Is 14 a multiple of 2?
True
Is 3 a factor of 219?
True
Is 3735 a multiple of 6?
False
Is 34 a factor of 260?
False
Does 10 divide 60?
True
Is 19 a factor of 304?
True
Is 9 a factor of 33625?
False
Is 498 a multiple of 27?
False
Does 12 divide 2160?
True
Does 17 divide 2191?
False
Is 1380 a multiple of 58?
False
Does 63 divide 5670?
True
Does 48 divide 263?
False
Does 35 divide 26480?
False
Does 59 divide 2090?
False
Does 14 divide 252?
True
Is 8455 a multiple of 5?
True
Does 11 divide 556?
False
Does 8 divide 685?
False
Does 50 divide 20200?
True
Is 3 a factor of 87?
True
Does 4 divide 228?
True
Is 12 a factor of 624?
True
Does 7 divide 57?
False
Is 23 a multiple of 23?
True
Does 10 divide 14590?
True
Does 40 divide 3058?
False
Is 3259 a multiple of 12?
False
Is 25 a factor of 41150?
True
Does 27 divide 5535?
True
Is 78 a factor of 2808?
True
Is 17250 a multiple of 12?
False
Does 13 divide 2596?
False
Is 24397 a multiple of 66?
False
Is 33 a factor of 370?
False
Is 1988 a multiple of 14?
True
Is 48 a factor of 6956?
False
Does 104 divide 38896?
True
Does 14 divide 51?
False
Is 3089 a multiple of 45?
False
Is 40152 a multiple of 58?
False
Is 570 a multiple of 17?
False
Is 446 a multiple of 7?
False
Is 44 a factor of 174?
False
Is 3078 a multiple of 114?
True
Does 12 divide 4358?
False
Does 61 divide 793?
True
Is 12 a factor of 31419?
False
Does 34 divide 1870?
True
Is 5213 a multiple of 63?
False
Does 5 divide 1695?
True
Is 923 a multiple of 12?
False
Is 6 a factor of 1977?
False
Is 95 a factor of 431?
False
Is 23 a factor of 1932?
True
Is 229 a factor of 81982?
True
Is 13 a factor of 22685?
True
Is 23115 a multiple of 14?
False
Is 212 a multiple of 4?
True
Is 13 a factor of 10701?
False
Is 40076 a multiple of 35?
False
Is 1200 a multiple of 12?
True
Is 20 a factor of 125330?
False
Does 238 divide 58786?
True
Is 15288 a multiple of 39?
True
Does 37 divide 212?
False
Is 11 a factor of 2294?
False
Is 41 a factor of 132444?
False
Is 484 a multiple of 44?
True
Is 8 a factor of 728?
True
Is 66804 a multiple of 174?
False
Is 15 a factor of 1635?
True
Does 24 divide 1632?
True
Is 15374 a multiple of 28?
False
Is 47 a factor of 21949?
True
Is 4340 a multiple of 35?
True
Is 118 a factor of 1897?
False
Is 13 a factor of 247?
True
Is 2204 a multiple of 117?
False
Does 4 divide 560?
True
Does 15 divide 14740?
False
Does 11 divide 22?
True
Is 3554 a multiple of 18?
False
Does 24 divide 1557?
False
Is 133 a factor of 2128?
True
Is 6 a factor of 220?
False
Is 62 a factor of 1116?
True
Is 54 a factor of 916?
False
Does 71 divide 1046?
False
Does 36 divide 1008?
True
Is 588 a multiple of 42?
True
Is 56 a factor of 87?
False
Does 27 divide 18128?
False
Does 4 divide 4256?
True
Is 15941 a multiple of 32?
False
Does 27 divide 1647?
True
Is 15 a factor of 27870?
True
Is 4900 a multiple of 16?
False
Is 18 a factor of 918?
True
Is 2711 a multiple of 12?
False
Does 34 divide 4484?
False
Is 2502 a multiple of 18?
True
Does 5 divide 135?
True
Does 38 divide 32394?
False
Does 55 divide 5036?
False
Is 56 a factor of 70?
False
Is 5500 a multiple of 44?
True
Is 7 a factor of 665?
True
Is 21 a factor of 10011?
False
Is 2 a factor of 2029?
False
Is 131241 a multiple of 11?
True
Does 7 divide 280?
True
Does 33 divide 114807?
True
Is 17 a factor of 2788?
True
Is 8131 a multiple of 210?
False
Is 20 a factor of 18737?
False
Does 11 divide 760?
False
Is 921 a multiple of 3?
True
Is 24793 a multiple of 15?
False
Is 4 a factor of 8188?
True
Is 1520 a multiple of 38?
True
Is 143 a multiple of 7